se 5*g + 9*b - 795 = 5*b, -5*b + 790 = 5*g. What are the prime factors of g?
163
Suppose 3*o - 119 = d, 4 + 4 = 2*d. Let l = o + 23. What are the prime factors of l?
2
Let g = 19 + -15. List the prime factors of (-3)/(7 - g) + 56.
5, 11
Suppose 3*l - 15 + 3 = 0. Suppose 5 = -2*r - 3*p, -5*r + r = -l*p. Let w(v) = -24*v - 1. List the prime factors of w(r).
23
Let i(y) = 16*y - 46. Let o(m) = -5*m + 15. Let w(q) = 2*i(q) + 7*o(q). Suppose d + u + 10 = 0, u = -5*d - 19 - 31. What are the prime factors of w(d)?
43
Let n = 44 + -64. Let k = -4 - n. List the prime factors of (-3 - -3) + k + -1.
3, 5
Let q = -3060 + 4509. What are the prime factors of q?
3, 7, 23
Suppose -4*l + 240 = -4*s, 0 = 3*l - 4*s - 110 - 70. Let b be 1/(-3 + 177/l). Let z = 47 + b. What are the prime factors of z?
3
Let z(w) = -7*w + 7. Let r(s) = s**2 - 6*s + 6. Let q be r(3). List the prime factors of z(q).
2, 7
Let g(a) = 3*a**3 - 5*a**2 + 7*a + 10. List the prime factors of g(6).
2, 5, 13
Let g = 1549 + -788. What are the prime factors of g?
761
Let u = 39 - -73. Let z = 88 + u. What are the prime factors of z?
2, 5
Let x = 758 - 433. What are the prime factors of x?
5, 13
Suppose -2*z + 17 - 7 = 0. Let y(u) = 1 + u - z*u - 9*u + 2*u. What are the prime factors of y(-2)?
23
Let t(v) = 3 - 29*v**2 + 28*v**2 + 1. Let f be t(-4). What are the prime factors of (5 + -19)*f/7?
2, 3
What are the prime factors of (48/10 + (-2)/(-10))*49?
5, 7
Let z = 344 + 183. What are the prime factors of z?
17, 31
Let x(z) be the first derivative of z**4/12 + 4*z**3/3 + 6*z**2 + z - 1. Let j(m) be the first derivative of x(m). List the prime factors of j(-10).
2
Suppose -4*y = 7*k - 3*k + 12, 3 = -k - 4*y. Let m be k - 3*(3 - -44). What are the prime factors of m/(-40)*5*1?
2, 3
Suppose 67*g + 16 = 75*g. List the prime factors of g + 2/(-3)*(-552)/2.
2, 3, 31
Suppose -2*d - d = 0. Let g be 3/(d + 4/16). Let t = 1 + g. List the prime factors of t.
13
Let z be -10*(0 - 18/15). Suppose t = -2*t + z. Suppose 0 = -t*l + 20 + 96. List the prime factors of l.
29
Suppose 2*i = d - 107, 2*d = -0*i + 3*i + 214. What are the prime factors of d?
107
Let y be 10/55 - 134/11. Let g be y/5 + (-4)/(-10). Let i(s) = -6*s**3 - 4*s**2 - 3*s - 1. List the prime factors of i(g).
37
Let g(l) = 1087*l**2 - 2*l - 3. List the prime factors of g(-1).
2, 3, 181
Let g(u) = 2*u**3 + 3*u**2 + 7*u. Let b(a) = a**3 + a**2 + 4*a. Let m(p) = -5*b(p) + 3*g(p). Let q be m(-3). Suppose 5*f = q + 9. List the prime factors of f.
3
Let w(f) = 217*f**2 + 3*f. Let j be w(-3). Suppose 2*x + 7*x - j = 0. List the prime factors of x.
2, 3
Suppose -2*z - z + g + 19 = 0, -2*g - 8 = 0. Let q(b) = b**2 + 1853 + 2*b - b - 1864. What are the prime factors of q(z)?
19
Suppose 2*a - f + 35 = 4*f, 2*a + 2*f = 0. What are the prime factors of ((-3)/a)/(13/(-65)) - -139?
2, 17
Let x(b) be the second derivative of -b**4/12 + b**3/2 + 3*b**2 + 10*b. Let m be x(4). List the prime factors of (177/(-6))/((-1)/m).
59
Let g = 92 - 130. Let d = -61 - g. Let k = d - -58. List the prime factors of k.
5, 7
Let z = -496 + 586. What are the prime factors of z?
2, 3, 5
Suppose 2*s - 23 = -3*x + s, -4*s + 14 = -x. Let y(a) = -4*a + x*a**2 + 1 - a - 3*a + 2. List the prime factors of y(3).
3, 11
Let p(o) = -o**3 - 11*o**2 - 3*o - 15. Let i be p(-11). Suppose -2*l + l = -i. Let a = 35 - l. List the prime factors of a.
17
What are the prime factors of 45/(-30)*(-854)/3?
7, 61
Let o(r) = 366*r - 439. List the prime factors of o(7).
11, 193
Suppose 39 = 4*p + 3*f, 3*p - 3*f - 22 = 2*f. Let i(g) be the first derivative of -g**4/4 + 3*g**3 - g**2/2 + 13*g + 29. List the prime factors of i(p).
2
Let f be (0 - (-2)/(-9)) + (-4504)/(-18). Let b = -118 + f. List the prime factors of b.
2, 3, 11
Let y be (0 + 2)/(5/65). Let l(a) = 15 + 7 - 36*a + a**2 + y*a. List the prime factors of l(10).
2, 11
What are the prime factors of (2 + 21/(-14))*678?
3, 113
Let s = 750 + -418. What are the prime factors of (1/(-2 - -4))/(2/s)?
83
Suppose 0 = -5*v + 3*v + 40. Suppose -q - 4 = 4*l, 3*l + 20 = 2*q + 6. Let t = q + v. What are the prime factors of t?
2, 3
Let z(g) = g**2 + 6*g + 10. Suppose 0 = 2*m - 7*m - 45. What are the prime factors of z(m)?
37
Let x(n) = -n**2 + n + 4. Let s be x(4). Let i(c) = c**3 + 9*c**2 + 3*c + 20. What are the prime factors of i(s)?
2, 3, 5
Let l = 2178 - 1338. What are the prime factors of l?
2, 3, 5, 7
Let i = 989 + -458. List the prime factors of i.
3, 59
What are the prime factors of (-44388)/(-216)*(-20)/(-6)?
5, 137
Let n(y) = 10*y - 6. Let x be n(1). Suppose 548 = 3*p + 2*p - x*q, 0 = 2*q + 4. List the prime factors of p.
2, 3
Suppose -3*k - 12 = 0, -3*g + 11259 = 4*k + 2149. What are the prime factors of g?
2, 3, 13
Let z be 0/((-3)/(9/3)). Suppose c - 64 = 4*n - 373, 3*c + 3 = z. Suppose -3*j + 5*r - 20 + n = 0, j + 2*r - 30 = 0. List the prime factors of j.
2, 3
Suppose 4*s - 11 = -3. Suppose -6 = s*g - 0*g. Let m(f) = f**3 + 3*f**2 - 3*f + 3. What are the prime factors of m(g)?
2, 3
What are the prime factors of (-1 + 905/10)/((-3)/(-18))?
3, 179
Let f = 983 + 1017. List the prime factors of f.
2, 5
Let l(j) = 50*j - 26. Suppose -2 = -5*b + 2*b - 5*u, 2*u = 4*b - 20. What are the prime factors of l(b)?
2, 3, 29
Suppose -f - 73 = -4*s, 86 = -2*f - s - 3*s. Let k = 131 + f. What are the prime factors of k?
2, 3, 13
Suppose 6*s - 4*f - 14556 = 2*s, 4*s - 14558 = 3*f. List the prime factors of s.
11, 331
Let s(g) = 4*g + g**3 - 7*g + 23*g**2 + 26 - 11*g - 15*g. List the prime factors of s(-24).
2, 73
Let o(w) = -217*w**3 + 2*w**2 + w - 2. Let n be o(1). What are the prime factors of 36/(-2)*n/16?
3
Suppose 3*q + 3 = 3*p, 0 = -4*q + 8*q + p + 14. Let f(b) = -15*b + 9. List the prime factors of f(q).
2, 3
Let d(x) = 104*x + 8. Let p be d(2). Let b = 317 - p. List the prime factors of b.
101
Suppose -3*f + 3173 = 2*z - 2392, -z + f + 2780 = 0. List the prime factors of z.
3, 103
What are the prime factors of (-1)/((-104)/20 - -5) - -187?
2, 3
Let p(y) be the first derivative of -5*y**3/3 + 7*y**2/2 + 8*y - 1. Let w(z) = 4*z**2 - 8*z - 8. Let t(h) = 2*p(h) + 3*w(h). List the prime factors of t(8).
2, 5
Let u(h) = -h**2 + h - 1. Let j(y) = -y**3 + 2*y**2 - 7*y - 1. Let z(b) = j(b) + 5*u(b). List the prime factors of z(-6).
2, 3, 19
Suppose -4*j + 10 = -g - 5*j, -3*g + 3*j = 0. Let y(u) be the third derivative of -u**5/60 - u**4/4 + u**3/3 - 2*u**2. List the prime factors of y(g).
7
Suppose 0 = -10*j - 8*j + 126. What are the prime factors of j?
7
Let b(k) = 2*k**3 - 5*k**2 - k + 2. Suppose -2*d - 7 = m - 5*d, 2*d = m + 3. What are the prime factors of b(m)?
2, 61
Let w(m) = 0*m**2 + 96*m**3 - 12*m + 8 - 97*m**3 - 9*m**2. What are the prime factors of w(-10)?
2, 3, 19
Suppose 3*q = 5*c + 6615, 0 = 5*q - 50*c + 55*c - 11025. List the prime factors of q.
3, 5, 7
Suppose 4*x - 7*x - 297 = 0. Let o be 18/x + (-136)/(-22). Let d(h) = -h**3 + 7*h**2 - h - 4. What are the prime factors of d(o)?
2, 13
Let p be (-6)/(1*((-32)/(-468))/(-4)). Suppose -8*l + p = -5*l. List the prime factors of l.
3, 13
What are the prime factors of 23/69*(19*-153)/(-3)?
17, 19
What are the prime factors of 68 + 5/(-10)*4?
2, 3, 11
Let d = 1462 - 963. What are the prime factors of d?
499
Suppose 0 = 7*x - 2682 - 230. Suppose -3*j - 35 + x = 0. List the prime factors of j.
127
What are the prime factors of (64 - -2)*-1*(-334)/6?
2, 11, 167
Let l(v) = -v**3 - 4*v**2 + 4*v. Let u be l(-5). Let g(x) = -3*x + 1 - 1 - u. List the prime factors of g(-10).
5
Let t(d) = 76*d + 586. What are the prime factors of t(18)?
2, 977
Suppose 0 = -3*d - 2*q + 14, 3*q + 3 = -d + 17. Suppose 51 = 4*g - d*g - 3*o, 3*g + 2*o - 57 = 0. What are the prime factors of g?
3, 7
Let w(b) be the third derivative of b**4/24 + b**3/2 - 4*b**2. Let x be w(-2). What are the prime factors of x/2 + 564/24?
2, 3
Suppose 48*g + 6765 = 53*g. List the prime factors of g.
3, 11, 41
Suppose 3*w = -2*w + 15. Let v(g) = 4*g**2 - 4*g + 7. Let o be v(w). Suppose -l - 36 = -a + 3*l, -a + 5*l + o = 0. What are the prime factors of a?
2, 7
Let w be 1/((-1)/(-654)*3). Let h = w + -150. What are the prime factors of h?
2, 17
Let q be ((-3)/(-4) + -2)*-4. Suppose -2*f = -4*d - 154, 0 = d + 4*d + q. List the prime factors of f.
3, 5
